{"id":2899,"date":"2017-10-06T20:02:23","date_gmt":"2017-10-06T17:02:23","guid":{"rendered":"http:\/\/bonis-avibus.fi\/bonis-avibus\/?page_id=2899"},"modified":"2020-02-19T22:32:24","modified_gmt":"2020-02-19T20:32:24","slug":"sodan-toisen-sukupolven-tarinani","status":"publish","type":"page","link":"https:\/\/bonis-avibus.fi\/bonis-avibus\/sodan-toisen-sukupolven-tarinani\/","title":{"rendered":"Sodan toisen sukupolven tarinani"},"content":{"rendered":"<h2><img loading=\"lazy\" decoding=\"async\" class=\"alignnone wp-image-3695\" src=\"http:\/\/bonis-avibus.fi\/bonis-avibus\/wp-content\/uploads\/2017\/10\/Ukko-K\u00e4rkk\u00e4inen-syd\u00e4n-300x199.jpg\" alt=\"\" width=\"666\" height=\"442\" srcset=\"https:\/\/bonis-avibus.fi\/bonis-avibus\/wp-content\/uploads\/2017\/10\/Ukko-K\u00e4rkk\u00e4inen-syd\u00e4n-300x199.jpg 300w, https:\/\/bonis-avibus.fi\/bonis-avibus\/wp-content\/uploads\/2017\/10\/Ukko-K\u00e4rkk\u00e4inen-syd\u00e4n-768x510.jpg 768w, https:\/\/bonis-avibus.fi\/bonis-avibus\/wp-content\/uploads\/2017\/10\/Ukko-K\u00e4rkk\u00e4inen-syd\u00e4n-800x532.jpg 800w, https:\/\/bonis-avibus.fi\/bonis-avibus\/wp-content\/uploads\/2017\/10\/Ukko-K\u00e4rkk\u00e4inen-syd\u00e4n-272x182.jpg 272w, https:\/\/bonis-avibus.fi\/bonis-avibus\/wp-content\/uploads\/2017\/10\/Ukko-K\u00e4rkk\u00e4inen-syd\u00e4n.jpg 903w\" sizes=\"auto, (max-width: 666px) 100vw, 666px\" \/><\/h2>\n<h2><\/h2>\n<h2>Olen pohtinut paljon sit\u00e4, kannattaako t\u00e4llaista traumajuttua julkaista ollenkaan?<\/h2>\n<h2>Tulin kuitenkin siihen tulokseen, ett\u00e4 laitan t\u00e4m\u00e4n n\u00e4ht\u00e4v\u00e4ksi ja luettavaksi. Eih\u00e4n sit\u00e4 koskaan tied\u00e4, jos sanoituksestani olisi apua jollekin?<\/h2>\n<h2>Ihmisen kokemus ja erityisesti sellainen, joka on vaiettua, hyvin henkil\u00f6kohtaista, kuin oma syd\u00e4n k\u00e4mmenell\u00e4, saattaa ollakin kollektiivista, yleist\u00e4, yhteist\u00e4 ja monien el\u00e4m\u00e4ss\u00e4 kokemaa.<\/h2>\n<h2>T\u00e4m\u00e4n sivun sis\u00e4lt\u00f6\u00e4 kirjoittaessani ja kuvittaessani koin v\u00e4lill\u00e4 niin syvi\u00e4 tunteita, ett\u00e4 kyyneleeni virtasivat. Itkin, min\u00e4 suomalainen! Monien miestenh\u00e4n on pit\u00e4nyt oppia pit\u00e4m\u00e4\u00e4n kaikki pinnan alla.<\/h2>\n<h2>Mutta niin vain k\u00e4vi, ett\u00e4 minussa pieni, herk\u00e4sti tunteva poika, her\u00e4si eloon sukeltessani sodan toisen sukupolven tarinan syvyyksiin.<\/h2>\n<p><img loading=\"lazy\" decoding=\"async\" class=\"alignnone size-full wp-image-5091\" src=\"http:\/\/bonis-avibus.fi\/bonis-avibus\/wp-content\/uploads\/2017\/10\/veden-pohja-glass-2834457_960_720-Pixabay-cocoparisienne.jpg\" alt=\"\" width=\"960\" height=\"600\" srcset=\"https:\/\/bonis-avibus.fi\/bonis-avibus\/wp-content\/uploads\/2017\/10\/veden-pohja-glass-2834457_960_720-Pixabay-cocoparisienne.jpg 960w, https:\/\/bonis-avibus.fi\/bonis-avibus\/wp-content\/uploads\/2017\/10\/veden-pohja-glass-2834457_960_720-Pixabay-cocoparisienne-300x188.jpg 300w, https:\/\/bonis-avibus.fi\/bonis-avibus\/wp-content\/uploads\/2017\/10\/veden-pohja-glass-2834457_960_720-Pixabay-cocoparisienne-768x480.jpg 768w, https:\/\/bonis-avibus.fi\/bonis-avibus\/wp-content\/uploads\/2017\/10\/veden-pohja-glass-2834457_960_720-Pixabay-cocoparisienne-800x500.jpg 800w\" sizes=\"auto, (max-width: 960px) 100vw, 960px\" \/><\/p>\n<p><em>Kuva:\u00a0Pixabay Cocoparisienne<\/em><\/p>\n<h2>T\u00e4m\u00e4n sivun olen tehnyt erityisesti sinulle, minulle ja meille, jotka olemme joutuneet el\u00e4m\u00e4\u00e4n lapsuutemme traumaattisissa olosuhteissa!<\/h2>\n<h2>Me olemme maksaneet tunnevammoistamme kovan hinnan erilaisina oireina, mielen kipuna, ahdistuksena, paniikkitiloina, masennuksena&#8230;<\/h2>\n<h2>Kun uskaltaa avoimesti olla totta koko historiansa leveydelt\u00e4, syntyy jakamisessa vertaisuus. Juuri sen avulla voimme ymm\u00e4rt\u00e4\u00e4 toisiamme. Kun t\u00e4h\u00e4n viel\u00e4 yhdistyy kunnioittaminen, l\u00e4mmin my\u00f6t\u00e4tunto ja rakkaus, ovat elementit eheytymiselle valmiina.<\/h2>\n<h2>Jakamisen matkalla on hyv\u00e4 tiet\u00e4\u00e4, ett\u00e4 kipe\u00e4\u00e4n tarinaansa saattaa j\u00e4\u00e4d\u00e4 kiinni. Trauman jyvi\u00e4 jauhaessa vuodesta toiseen leiv\u00e4st\u00e4 ei tule hyv\u00e4\u00e4! Vaillej\u00e4\u00e4misten ja kaltoinkohteluiden tunnevetovoima on todella suuri! Ongelmatarinastaan irrottautumiseen tarvitaan viel\u00e4 suurempi vastavoima.<\/h2>\n<h2>Irtip\u00e4\u00e4st\u00e4minen on suurin mahdollinen! Se todentuu hengityksess\u00e4, sen seuraamisessa. Siin\u00e4 kohdassa, jossa sis\u00e4\u00e4n&#8230; vaihtuu ulosvirtaamiseen, voi mennyt tarina h\u00e4vit\u00e4. Silloin tulevaisuuskaan ei peloita.<\/h2>\n<h2>Nyt hetkess\u00e4 kun ei ole mit\u00e4\u00e4n h\u00e4t\u00e4\u00e4. Juuri siin\u00e4 kohdassa on mahdollista tulla tietoiseksi omasta sielustaan ja saada kosketus iloon, rauhaan ja rakkauteen\u00a0<span class=\"sce_emoji-heart\" title=\"heart\"><\/span><\/h2>\n<h2>L\u00e4sn\u00e4olon jyvist\u00e4 tulee makoisaa leip\u00e4\u00e4&#8230;<\/h2>\n<p><img loading=\"lazy\" decoding=\"async\" class=\"alignnone size-full wp-image-5108\" src=\"http:\/\/bonis-avibus.fi\/bonis-avibus\/wp-content\/uploads\/2017\/10\/syd\u00e4n-heart-1394204_960_720-Miriam-M\u00fcller.jpg\" alt=\"\" width=\"960\" height=\"720\" srcset=\"https:\/\/bonis-avibus.fi\/bonis-avibus\/wp-content\/uploads\/2017\/10\/syd\u00e4n-heart-1394204_960_720-Miriam-M\u00fcller.jpg 960w, https:\/\/bonis-avibus.fi\/bonis-avibus\/wp-content\/uploads\/2017\/10\/syd\u00e4n-heart-1394204_960_720-Miriam-M\u00fcller-300x225.jpg 300w, https:\/\/bonis-avibus.fi\/bonis-avibus\/wp-content\/uploads\/2017\/10\/syd\u00e4n-heart-1394204_960_720-Miriam-M\u00fcller-768x576.jpg 768w, https:\/\/bonis-avibus.fi\/bonis-avibus\/wp-content\/uploads\/2017\/10\/syd\u00e4n-heart-1394204_960_720-Miriam-M\u00fcller-800x600.jpg 800w, https:\/\/bonis-avibus.fi\/bonis-avibus\/wp-content\/uploads\/2017\/10\/syd\u00e4n-heart-1394204_960_720-Miriam-M\u00fcller-400x300.jpg 400w\" sizes=\"auto, (max-width: 960px) 100vw, 960px\" \/><\/p>\n<p><em>Kuva:\u00a0Miriam M\u00fcller<\/em><\/p>\n<h2><\/h2>\n<h2>Alla olevista linkeist\u00e4 p\u00e4\u00e4set etenem\u00e4\u00e4n tarinassani.<\/h2>\n<h2><strong><a href=\"http:\/\/bonis-avibus.fi\/bonis-avibus\/osa-1-alkuvalmisteluita-hyvaksyvan-tietoisella-lasnaololla\/\" target=\"_blank\" rel=\"noopener\">Osa 1<\/a><\/strong> Alkuvalmisteluita hyv\u00e4ksyv\u00e4n tietoisella l\u00e4sn\u00e4ololla.<\/h2>\n<h2><strong><a href=\"http:\/\/bonis-avibus.fi\/bonis-avibus\/osa-2-traumatarinan-ja-irtipaastamisen-valinen-jannite\/\" target=\"_blank\" rel=\"noopener\">Osa 2<\/a><\/strong> Traumatarinan ja irtip\u00e4\u00e4st\u00e4misen v\u00e4linen j\u00e4nnite.<\/h2>\n<h2><strong><a href=\"http:\/\/bonis-avibus.fi\/bonis-avibus\/osa-3-sotavammat-sukupolvelta-toiselle-tutkijoiden-silmin\/\" target=\"_blank\" rel=\"noopener\">Osa 3<\/a><\/strong> Sotavammat sukupolvelta toiselle tutkijoiden silmin.<\/h2>\n<h2><strong><a href=\"http:\/\/bonis-avibus.fi\/bonis-avibus\/osa-4-kuritusvakivallankumous-eli-miten-malleja-muutetaan-2\/\" target=\"_blank\" rel=\"noopener\">Osa 4<\/a><\/strong> Kuritusv\u00e4kivallankumous, eli miten malleja muutetaan?<\/h2>\n<h2><a href=\"http:\/\/bonis-avibus.fi\/bonis-avibus\/?page_id=3813&amp;preview=true\" target=\"_blank\" rel=\"noopener\"><strong>Osa 5<\/strong><\/a> Sodan toisen sukupolven tarina.<\/h2>\n<h2><strong><a href=\"http:\/\/bonis-avibus.fi\/bonis-avibus\/osa-6-sarkyneen-sydamen-suru-ja-kansallisen-traumamme-itkuliina\/\" target=\"_blank\" rel=\"noopener\">Osa 6<\/a> <\/strong>S\u00e4rkyneen syd\u00e4men suru ja kansallisen traumamme itkuliina.<\/h2>\n<p><img loading=\"lazy\" decoding=\"async\" class=\"alignnone wp-image-3826\" src=\"http:\/\/bonis-avibus.fi\/bonis-avibus\/wp-content\/uploads\/2017\/10\/Ukko-K\u00e4rkk\u00e4inen-Sveitsin-vuoristopuro-300x121.jpg\" alt=\"\" width=\"687\" height=\"277\" srcset=\"https:\/\/bonis-avibus.fi\/bonis-avibus\/wp-content\/uploads\/2017\/10\/Ukko-K\u00e4rkk\u00e4inen-Sveitsin-vuoristopuro-300x121.jpg 300w, https:\/\/bonis-avibus.fi\/bonis-avibus\/wp-content\/uploads\/2017\/10\/Ukko-K\u00e4rkk\u00e4inen-Sveitsin-vuoristopuro-768x310.jpg 768w, https:\/\/bonis-avibus.fi\/bonis-avibus\/wp-content\/uploads\/2017\/10\/Ukko-K\u00e4rkk\u00e4inen-Sveitsin-vuoristopuro-1024x413.jpg 1024w, https:\/\/bonis-avibus.fi\/bonis-avibus\/wp-content\/uploads\/2017\/10\/Ukko-K\u00e4rkk\u00e4inen-Sveitsin-vuoristopuro-800x323.jpg 800w, https:\/\/bonis-avibus.fi\/bonis-avibus\/wp-content\/uploads\/2017\/10\/Ukko-K\u00e4rkk\u00e4inen-Sveitsin-vuoristopuro.jpg 1632w\" sizes=\"auto, (max-width: 687px) 100vw, 687px\" \/><\/p>\n<p>&nbsp;<\/p>\n<h2><\/h2>\n<p>&nbsp;<\/p>\n","protected":false},"excerpt":{"rendered":"<p>Olen pohtinut paljon sit\u00e4, kannattaako t\u00e4llaista traumajuttua julkaista ollenkaan? Tulin kuitenkin siihen tulokseen, ett\u00e4 laitan t\u00e4m\u00e4n n\u00e4ht\u00e4v\u00e4ksi ja luettavaksi. Eih\u00e4n sit\u00e4 koskaan tied\u00e4, jos sanoituksestani olisi apua jollekin? Ihmisen kokemus ja erityisesti sellainen, joka on vaiettua, hyvin henkil\u00f6kohtaista, kuin oma syd\u00e4n k\u00e4mmenell\u00e4, saattaa ollakin kollektiivista, yleist\u00e4, yhteist\u00e4 ja monien el\u00e4m\u00e4ss\u00e4 kokemaa. T\u00e4m\u00e4n sivun sis\u00e4lt\u00f6\u00e4 kirjoittaessani ja kuvittaessani koin v\u00e4lill\u00e4 niin<\/p>\n<p><a class=\"more-link\" href=\"https:\/\/bonis-avibus.fi\/bonis-avibus\/sodan-toisen-sukupolven-tarinani\/\">Read More<\/a><\/p>\n","protected":false},"author":2,"featured_media":0,"parent":0,"menu_order":0,"comment_status":"closed","ping_status":"closed","template":"","meta":{"footnotes":""},"class_list":["post-2899","page","type-page","status-publish","hentry"],"_links":{"self":[{"href":"https:\/\/bonis-avibus.fi\/bonis-avibus\/wp-json\/wp\/v2\/pages\/2899","targetHints":{"allow":["GET"]}}],"collection":[{"href":"https:\/\/bonis-avibus.fi\/bonis-avibus\/wp-json\/wp\/v2\/pages"}],"about":[{"href":"https:\/\/bonis-avibus.fi\/bonis-avibus\/wp-json\/wp\/v2\/types\/page"}],"author":[{"embeddable":true,"href":"https:\/\/bonis-avibus.fi\/bonis-avibus\/wp-json\/wp\/v2\/users\/2"}],"replies":[{"embeddable":true,"href":"https:\/\/bonis-avibus.fi\/bonis-avibus\/wp-json\/wp\/v2\/comments?post=2899"}],"version-history":[{"count":91,"href":"https:\/\/bonis-avibus.fi\/bonis-avibus\/wp-json\/wp\/v2\/pages\/2899\/revisions"}],"predecessor-version":[{"id":3508,"href":"https:\/\/bonis-avibus.fi\/bonis-avibus\/wp-json\/wp\/v2\/pages\/2899\/revisions\/3508"}],"wp:attachment":[{"href":"https:\/\/bonis-avibus.fi\/bonis-avibus\/wp-json\/wp\/v2\/media?parent=2899"}],"curies":[{"name":"wp","href":"https:\/\/api.w.org\/{rel}","templated":true}]}}