{"id":6383,"date":"2020-03-27T11:40:53","date_gmt":"2020-03-27T09:40:53","guid":{"rendered":"https:\/\/bonis-avibus.fi\/bonis-avibus\/?page_id=6383"},"modified":"2024-02-12T15:13:16","modified_gmt":"2024-02-12T13:13:16","slug":"rakkaudesta-runo","status":"publish","type":"page","link":"https:\/\/bonis-avibus.fi\/bonis-avibus\/rakkaudesta-runo\/","title":{"rendered":"Rakkaudesta&#8230;"},"content":{"rendered":"<p><strong>T\u00e4h\u00e4n alkuun kuvaan &#8221;Rakkaudesta&#8221; runoni kirjoitusprosessia:<\/strong><\/p>\n<p>Oli keskiviikkoaamu, maaliskuun kahdeskymmenesviides, vuonna 2020. Tunsin, miten sanat sis\u00e4ll\u00e4ni alkoivat her\u00e4ill\u00e4.\u00a0Etsin runolleni synnytysmusiikkia.\u00a0<\/p>\n<p>Juuri s\u00e4velet ovat ne, jotka usein avaavat minussa tunteiden kanavan sanojen tulla.\u00a0L\u00f6ysin aivan upean kappaleen, niin suloiset s\u00e4velet. Runo alkoi l\u00f6yt\u00e4\u00e4 sieluansa, virrata sormieni kautta n\u00e4pp\u00e4imist\u00f6lle.<\/p>\n<p>Erityisen ihana oli kirjoittaa sit\u00e4 kohtaa, jossa l\u00e4hdin etsim\u00e4\u00e4n rakkautta vanhemmiltani, heid\u00e4n vanhemmiltaan ja heid\u00e4n ja heid\u00e4n&#8230;<\/p>\n<p>Meist\u00e4 monia on satutettu. On paljon vaillej\u00e4\u00e4mist\u00e4. Tunteiden n\u00e4kym\u00e4tt\u00f6myyteen on k\u00e4tkeytynyt\u00a0 h\u00e4pe\u00e4\u00e4, pelkoa ja vihaa. Mutta ennenkaikkea siell\u00e4 on surua, paljon surua, satamattomia pilvi\u00e4. Juuri ne ovat merkki matalapaineesta, masennuksesta.<\/p>\n<p>Tuntui niin hyv\u00e4lt\u00e4 runoa kirjoittaessani se oivallus, ett\u00e4 me voimmekin alkaa ker\u00e4t\u00e4 rakkauden hippuja menneilt\u00e4 sukupolvilta.\u00a0<\/p>\n<p>Jokaisessa p\u00e4iv\u00e4ss\u00e4 muutos on mahdollista. Se kokemus minulla on esimerkiksi Syrj\u00e4l\u00e4n Teemun j\u00e4rjest\u00e4mist\u00e4 Miesten viikonlopuista. Siell\u00e4 olemme saaneet tulla n\u00e4hdyiksi ja kuulluiksi oman tarinamme kanssa juuri sellaisena, kuin mit\u00e4 olemme. On uskomattoman eheytt\u00e4v\u00e4\u00e4 saada kertoa hyv\u00e4ksyv\u00e4ss\u00e4 ja my\u00f6t\u00e4tuntoisessa ilmapiiriss\u00e4, mit\u00e4 kaikkea meille el\u00e4m\u00e4ss\u00e4mme on tapahtunut ja miten olemme selvinneet n\u00e4iden tunteittemme kanssa eteenp\u00e4in. Turvallisessa ilmapiiriss\u00e4 tunteet ovat voineet vihdoinkin virrata ilman h\u00e4pe\u00e4\u00e4. Haavoittuvuuden tunnustamisen kautta on syntynyt voimaantumisen mahdollisuus.<\/p>\n<p>Tarvitsemme sis\u00e4isen lapsemme ja toinen toisemme kohtaamiseen mahdollisuuksia. T\u00e4m\u00e4n eristyksen j\u00e4lkeen on taas niin sitten ihanaa saada oikeesti, kasvoista kasvoihin katsellen, istua ihmisten tunnetarinapiireiss\u00e4. Ja voi miten paljon, niin paljon kaipaankaan l\u00e4mpimi\u00e4, rakkaiden l\u00e4heisten ja yst\u00e4vien halauksia. Silloin, kun ymp\u00e4rill\u00e4 on l\u00e4sn\u00e4oloa, my\u00f6t\u00e4tuntoa, rakautta ja ihmisarvon kunnioitusta, tapahtuu kasvun ihme. Se on niin suuri asia, ett\u00e4 se ihan itkett\u00e4\u00e4.<\/p>\n<p>Meid\u00e4n on mahdollisuus eheyty\u00e4 sukupolvien haavoista. Parasta, mit\u00e4 vanhempi voi lapselleen tai lapsilleen antaa, on se, ett\u00e4 h\u00e4n ensin l\u00f6yt\u00e4\u00e4 ilon ja rakkauden syd\u00e4mest\u00e4\u00e4n. Jos itse\u00e4 on satutettu lapsena, silloin rakkauden l\u00f6yt\u00e4misen eteen joutuu tekem\u00e4\u00e4n paljon tunnety\u00f6t\u00e4. Sen ty\u00f6n kulminaatiokohta on oman menneisyytens\u00e4 hyv\u00e4ksyminen ja traumatisoivien kokemusten vetovoimakent\u00e4st\u00e4 irtip\u00e4\u00e4st\u00e4minen. Juuri siin\u00e4 kohdassa eniten auttaa ihmisen\u00e4 olemisen vertaiskokemus, rakastava syd\u00e4menl\u00e4mp\u00f6inen yhteys toisiin ihmisiin. Kun sellaisessa atmosf\u00e4\u00e4riss\u00e4 saa yhteyden sis\u00e4iseen lapseensa , tulee kohtaaminen hyvin usein n\u00e4kyviin parantavina kyynelein\u00e4.<\/p>\n<p>Yksin ollessakin on my\u00f6s mahdollista saada yhteys siihen pieneen, turvallista aikuista odottavaan sis\u00e4iseen lapseen. Kohtaaminen voi synty\u00e4 koskettavan kirjan lukemisessa, eheytt\u00e4v\u00e4\u00e4 elokuvaa katsoessa, Ylen &#8221;Kuutta kuvaa&#8221; tai muita ihania ohjelmia kuunnellessa. Minun sis\u00e4ll\u00e4ni kaunis musiikki tai runo sulattaa syd\u00e4men huurretta ja j\u00e4it\u00e4.\u00a0<\/p>\n<p>Kyyneleet hoitava, eheytt\u00e4v\u00e4 ja parantavat.<\/p>\n<p>Rakkauden l\u00f6yt\u00e4minen on mahdollista&#8230; t\u00e4n\u00e4\u00e4nkin <span class=\"sce_emoji-heart\" title=\"heart\"><\/span><\/p>\n<p>Klikkaat runon taustamusiikki soimaan ensin. Odota s\u00e4veli\u00e4 ja sitten napsauta lukemani esitys. Sulje silm\u00e4si. Runon loputtua musiikki l\u00e4htee py\u00f6rim\u00e4\u00e4n ohjelmoituna uudestaan. Anna viel\u00e4 s\u00e4velten, jos pid\u00e4t niist\u00e4, kaikessa rauhassa hoitaa syd\u00e4nt\u00e4si <span class=\"sce_emoji-heart\" title=\"heart\"><\/span><\/p>\n<p>\t\t\t\t\t\t\t\t\t\t\t\t\t<img loading=\"lazy\" decoding=\"async\" width=\"960\" height=\"640\" src=\"https:\/\/bonis-avibus.fi\/bonis-avibus\/wp-content\/uploads\/2017\/08\/lapsi-ja-is\u00e4-father-2606964_960_720-Pixabay-StockSnap.jpg\" alt=\"\" srcset=\"https:\/\/bonis-avibus.fi\/bonis-avibus\/wp-content\/uploads\/2017\/08\/lapsi-ja-is\u00e4-father-2606964_960_720-Pixabay-StockSnap.jpg 960w, https:\/\/bonis-avibus.fi\/bonis-avibus\/wp-content\/uploads\/2017\/08\/lapsi-ja-is\u00e4-father-2606964_960_720-Pixabay-StockSnap-300x200.jpg 300w, https:\/\/bonis-avibus.fi\/bonis-avibus\/wp-content\/uploads\/2017\/08\/lapsi-ja-is\u00e4-father-2606964_960_720-Pixabay-StockSnap-768x512.jpg 768w, https:\/\/bonis-avibus.fi\/bonis-avibus\/wp-content\/uploads\/2017\/08\/lapsi-ja-is\u00e4-father-2606964_960_720-Pixabay-StockSnap-800x533.jpg 800w, https:\/\/bonis-avibus.fi\/bonis-avibus\/wp-content\/uploads\/2017\/08\/lapsi-ja-is\u00e4-father-2606964_960_720-Pixabay-StockSnap-272x182.jpg 272w\" sizes=\"auto, (max-width: 960px) 100vw, 960px\" \/><br \/>\n\t\t\t\t\t\t\t\t\t\t\t\t\t<img loading=\"lazy\" decoding=\"async\" width=\"720\" height=\"720\" src=\"https:\/\/bonis-avibus.fi\/bonis-avibus\/wp-content\/uploads\/2017\/08\/world-1964812_960_720.jpg\" alt=\"\" srcset=\"https:\/\/bonis-avibus.fi\/bonis-avibus\/wp-content\/uploads\/2017\/08\/world-1964812_960_720.jpg 720w, https:\/\/bonis-avibus.fi\/bonis-avibus\/wp-content\/uploads\/2017\/08\/world-1964812_960_720-150x150.jpg 150w, https:\/\/bonis-avibus.fi\/bonis-avibus\/wp-content\/uploads\/2017\/08\/world-1964812_960_720-300x300.jpg 300w\" sizes=\"auto, (max-width: 720px) 100vw, 720px\" \/><br \/>\n\t\thttps:\/\/www.youtube.com\/watch?v=0CZ6Gpoogjg<\/p>\n<p>T\u00e4t\u00e4 klikkaamalla saat kuulumaan runoni:<\/p>\n<div class=\"compact_audio_player_wrapper\"><div class=\"sc_player_container1\"><input type=\"button\" id=\"btnplay_69eb78c47d3ea5.67949624\" class=\"myButton_play\" onClick=\"play_mp3('play','69eb78c47d3ea5.67949624','https:\/\/bonis-avibus.fi\/bonis-avibus\/wp-content\/uploads\/2020\/03\/Rakkaudesta.mp3','80','false');show_hide('play','69eb78c47d3ea5.67949624');\" \/><input type=\"button\"  id=\"btnstop_69eb78c47d3ea5.67949624\" style=\"display:none\" class=\"myButton_stop\" onClick=\"play_mp3('stop','69eb78c47d3ea5.67949624','','80','false');show_hide('stop','69eb78c47d3ea5.67949624');\" \/><div id=\"sm2-container\"><!-- flash movie ends up here --><\/div><\/div><\/div>\n\r\n\t\t<div class=\"magee-expand \" id=\"\" data-less-icon=\"fa-arrow-circle-up\" data-less-icon-color=\"#002a8e\" data-less-text=\"Piilota\" data-more-icon=\"fa-arrow-circle-down\" data-more-icon-color=\"#002a8e\" data-more-text=\"Napsauttamalla t\u00e4t\u00e4 saat runoni kirjallinen versio\">\r\n            <div class=\"expand-control control-ormcyt\"><i class=\"fa fa-arrow-circle-down\" style=\"color:#002a8e;\"><\/i> Napsauttamalla t\u00e4t\u00e4 saat runoni kirjallinen versio<\/div>\r\n\t\t\t\t<div class=\"expand-content\" style=\"display:none;\">\r\n\t\t\t\t\t<\/p>\n<p>Onko t\u00e4ss\u00e4 se kohta,<\/p>\n<p>jossa aika venytt\u00e4\u00e4 itse\u00e4\u00e4n menneeseen,<\/p>\n<p>kaareutuu,<\/p>\n<p>kuin avaruus alkur\u00e4j\u00e4hdyksen j\u00e4lkeen.<\/p>\n<p>Onko t\u00e4ss\u00e4 se kohta,<\/p>\n<p>jossa maailma luo nahkaansa,<\/p>\n<p>ja onko t\u00e4m\u00e4 se vuori,<\/p>\n<p>jonka rinteelt\u00e4 n\u00e4emme pitkin ihmiskunnan historiaa.<\/p>\n<p>Tai onko t\u00e4m\u00e4 se laakso,<\/p>\n<p>jossa avautuvat kukkivat puronvarret tulevaan,<\/p>\n<p>viel\u00e4 ilmentym\u00e4tt\u00f6m\u00e4\u00e4n.<\/p>\n<p>Onko t\u00e4st\u00e4 paikasta mahdollista l\u00f6yt\u00e4\u00e4 juuri se,<\/p>\n<p>joka on aina ollut<\/p>\n<p>ja joka tulee aina olemaan,<\/p>\n<p>se,<\/p>\n<p>joka on kaikkein t\u00e4rkein t\u00e4m\u00e4n n\u00e4kyv\u00e4n takana.<\/p>\n<p>Onko nyt tullut aika ihmiskunnan kasvaa seuraavaan vaiheeseen,<\/p>\n<p>sellaiseen kyps\u00e4\u00e4n aikuisuuteen,<\/p>\n<p>jolloin ei en\u00e4\u00e4 taistella siit\u00e4,<\/p>\n<p>kuka on oikeassa?<\/p>\n<p>Onko nyt tullut my\u00f6t\u00e4tunnon aika,<\/p>\n<p>kunnioittamisen,<\/p>\n<p>rakastamisen ja<\/p>\n<p>yhdess\u00e4 her\u00e4\u00e4misen aika?<\/p>\n<p>Y\u00f6n j\u00e4lkeisen huomenen tunnistaan rakkaudesta.<\/p>\n<p>Ja vaikka sotia onkin ollut mill\u00e4 mitalla tahansa,<\/p>\n<p>niin tied\u00e4tk\u00f6!<\/p>\n<p>Rakkautta on ollut viel\u00e4 enemm\u00e4n.<\/p>\n<p>Juuri sit\u00e4 on ripoteltu jokapaikkaan ihmiskunnan matkan varrelle.<\/p>\n<p>L\u00e4hdet\u00e4\u00e4n yhdess\u00e4 etsim\u00e4\u00e4n\u2026<\/p>\n<p>Kuljetaan ensin omaa polkuamme pitkin.<\/p>\n<p>Poimitaan kaikista niist\u00e4 kohdista talteen,<\/p>\n<p>jossa on syd\u00e4men l\u00e4mp\u00f6isi\u00e4 v\u00e4r\u00e4htelyit\u00e4,<\/p>\n<p>helli\u00e4 \u00e4\u00e4nenpainoja, rakastavaa katsetta, eheytt\u00e4v\u00e4\u00e4 kosketusta&#8230;<\/p>\n<p>Menn\u00e4\u00e4n sitten omien isien ja \u00e4itien luo.<\/p>\n<p>Etsit\u00e4\u00e4n heid\u00e4n ilonsa marinoimia p\u00e4ivi\u00e4<\/p>\n<p>ja sitten heid\u00e4n vanhempiensa ja heid\u00e4n ja heid\u00e4n ja heid\u00e4n&#8230;<\/p>\n<p>Ker\u00e4t\u00e4\u00e4n esi\u00e4itien ja isien kaikki se rakkaus,<\/p>\n<p>mit\u00e4 he syv\u00e4ll\u00e4 syd\u00e4mess\u00e4\u00e4n halusivat antaa.<\/p>\n<p>Tied\u00e4tk\u00f6!<\/p>\n<p>Monet heist\u00e4 olivat niin rikki,<\/p>\n<p>etteiv\u00e4t he pystyneet rakastamaan.<\/p>\n<p>He eiv\u00e4t tunteneet kuin vain aavistuksen verran.<\/p>\n<p>Ker\u00e4t\u00e4\u00e4n siit\u00e4 aavistuksesta rakkauden hippuja.<\/p>\n<p>Poimitaan niit\u00e4 niin paljon t\u00e4h\u00e4n p\u00e4iv\u00e4\u00e4n,<\/p>\n<p>etteiv\u00e4t ne lopu koskaan,<\/p>\n<p>eiv\u00e4t ikin\u00e4.<\/p>\n<p>Annetaan sukupolvilta tullutta l\u00e4mp\u00f6\u00e4,<\/p>\n<p>annetaan sit\u00e4 omamme lis\u00e4ksi perint\u00f6n\u00e4 lapsillemme ja lastemme lapsille, yst\u00e4ville ja kaikille.<\/p>\n<p>Aisti hetki,<\/p>\n<p>hengit\u00e4 rauhassa,<\/p>\n<p>kuuntele syd\u00e4nt\u00e4si.<\/p>\n<p>Tunnetko?<\/p>\n<p>Nyt se virtaa sinussa,<\/p>\n<p>\u2026 rakkaus<\/p>\n<p>\r\n\t\t\t\t<\/div>\r\n\t\t\t<\/div>\n<p>\t\t\t\t\t\t\t\t\t\t\t\t\t<img loading=\"lazy\" decoding=\"async\" width=\"960\" height=\"628\" src=\"https:\/\/bonis-avibus.fi\/bonis-avibus\/wp-content\/uploads\/2021\/01\/vesi-fog-1651167_960_720-Pixabay-Silvia-Frank.jpg\" alt=\"\" srcset=\"https:\/\/bonis-avibus.fi\/bonis-avibus\/wp-content\/uploads\/2021\/01\/vesi-fog-1651167_960_720-Pixabay-Silvia-Frank.jpg 960w, https:\/\/bonis-avibus.fi\/bonis-avibus\/wp-content\/uploads\/2021\/01\/vesi-fog-1651167_960_720-Pixabay-Silvia-Frank-300x196.jpg 300w, https:\/\/bonis-avibus.fi\/bonis-avibus\/wp-content\/uploads\/2021\/01\/vesi-fog-1651167_960_720-Pixabay-Silvia-Frank-768x502.jpg 768w, https:\/\/bonis-avibus.fi\/bonis-avibus\/wp-content\/uploads\/2021\/01\/vesi-fog-1651167_960_720-Pixabay-Silvia-Frank-800x523.jpg 800w\" sizes=\"auto, (max-width: 960px) 100vw, 960px\" \/><\/p>\n","protected":false},"excerpt":{"rendered":"<p>T\u00e4h\u00e4n alkuun kuvaan &#8221;Rakkaudesta&#8221; runoni kirjoitusprosessia: Oli keskiviikkoaamu, maaliskuun kahdeskymmenesviides, vuonna 2020. Tunsin, miten sanat sis\u00e4ll\u00e4ni alkoivat her\u00e4ill\u00e4.\u00a0Etsin runolleni synnytysmusiikkia.\u00a0 Juuri s\u00e4velet ovat ne, jotka usein avaavat minussa tunteiden kanavan sanojen tulla.\u00a0L\u00f6ysin aivan upean kappaleen, niin suloiset s\u00e4velet. Runo alkoi l\u00f6yt\u00e4\u00e4 sieluansa, virrata sormieni kautta n\u00e4pp\u00e4imist\u00f6lle. Erityisen ihana oli kirjoittaa sit\u00e4 kohtaa, jossa l\u00e4hdin etsim\u00e4\u00e4n rakkautta vanhemmiltani, heid\u00e4n vanhemmiltaan ja<\/p>\n<p><a class=\"more-link\" href=\"https:\/\/bonis-avibus.fi\/bonis-avibus\/rakkaudesta-runo\/\">Read More<\/a><\/p>\n","protected":false},"author":1,"featured_media":0,"parent":0,"menu_order":0,"comment_status":"closed","ping_status":"closed","template":"","meta":{"footnotes":""},"class_list":["post-6383","page","type-page","status-publish","hentry"],"_links":{"self":[{"href":"https:\/\/bonis-avibus.fi\/bonis-avibus\/wp-json\/wp\/v2\/pages\/6383","targetHints":{"allow":["GET"]}}],"collection":[{"href":"https:\/\/bonis-avibus.fi\/bonis-avibus\/wp-json\/wp\/v2\/pages"}],"about":[{"href":"https:\/\/bonis-avibus.fi\/bonis-avibus\/wp-json\/wp\/v2\/types\/page"}],"author":[{"embeddable":true,"href":"https:\/\/bonis-avibus.fi\/bonis-avibus\/wp-json\/wp\/v2\/users\/1"}],"replies":[{"embeddable":true,"href":"https:\/\/bonis-avibus.fi\/bonis-avibus\/wp-json\/wp\/v2\/comments?post=6383"}],"version-history":[{"count":71,"href":"https:\/\/bonis-avibus.fi\/bonis-avibus\/wp-json\/wp\/v2\/pages\/6383\/revisions"}],"predecessor-version":[{"id":12614,"href":"https:\/\/bonis-avibus.fi\/bonis-avibus\/wp-json\/wp\/v2\/pages\/6383\/revisions\/12614"}],"wp:attachment":[{"href":"https:\/\/bonis-avibus.fi\/bonis-avibus\/wp-json\/wp\/v2\/media?parent=6383"}],"curies":[{"name":"wp","href":"https:\/\/api.w.org\/{rel}","templated":true}]}}